4/24 - 5*h**3/3 + 3*h**2. Is u(q) prime?
False
Suppose -4*x + 86257 = 5*b, b = 9*x - 11*x + 17243. Is b a prime number?
True
Let b(q) = 1295*q**3 + 9*q**2 - 8*q + 9. Is b(2) composite?
True
Suppose -5*h - r + 34042 = 0, -5*r - 13606 = 20*h - 22*h. Suppose -4*u + 3234 = 2*m + 516, -5*m + 3*u + h = 0. Is m a composite number?
False
Suppose 18*z - 4 = 86. Suppose z*p = 6795 + 13250. Is p a composite number?
True
Let q(n) = -5*n - 95. Let t be q(-19). Suppose 3*z - 14845 = 5*h, -5*z - h + 2*h + 24771 = t. Is z a prime number?
False
Let b(w) = -w**2 - 27*w - 140. Let h be b(-17). Suppose -5*i + h*p = 31*p - 1703, -2*p - 4 = 0. Is i a composite number?
True
Suppose -3*o - 2*t + 183168 = -383179, -10 = -5*t. Is o prime?
False
Let y = -41950 + 86127. Is y a prime number?
False
Let i(p) = -p**3 + 3*p**2 - 5*p + 1. Let h be i(2). Let x be 1 + 2 + h + 70. Suppose 2*q + x = 1142. Is q composite?
True
Is 8/76 - (-36546341)/247 a prime number?
False
Suppose 0 = -83*u + 72*u. Suppose u = -3*d + 9801 - 3090. Is d composite?
False
Let b = 200974 + -119143. Is b prime?
False
Let i(b) = -2*b**2 - 8*b + 5. Let z be i(-5). Is z/(5/4)*(-55495)/220 a prime number?
True
Let q(d) = 2*d**2 - 37*d + 16. Let w be q(18). Let p(f) = -154*f**3 - 3*f**2 - 4*f - 1. Let r be p(w). Suppose 0 = -3*a + 240 + r. Is a composite?
True
Is 5*(2/(10/(-19)) - -4)*641 a composite number?
False
Suppose -3*b - v + 422444 = 60323, 4*v + 24 = 0. Is b prime?
True
Suppose -1628606 = 130014*o - 130028*o. Is o a prime number?
True
Let y be 2/2*(-3 + (4 - -1)). Suppose 280 = -y*i - 340. Is ((-9)/3 - i)*3 a composite number?
True
Let g(b) = 508*b + 15. Suppose 53 = 4*r - 27. Suppose 4*i = 6*i - r. Is g(i) composite?
True
Let r(s) = 126*s**2 - 49*s - 1635. Is r(-106) prime?
False
Let l(i) = i**2 - 13*i + 221. Is l(66) prime?
True
Suppose -6*t - 34*t + 31290147 = 23*t. Is t a composite number?
False
Let a(g) = -429432*g**3 - 2*g**2 + 39*g + 42. Is a(-1) a prime number?
False
Let p(u) = u**2 + 28*u - 26. Let z be p(-29). Suppose g + z*n - 5834 = 6111, 4*n = 0. Is g a prime number?
False
Is (-15 - (-230)/15)/(-2 - 1952863/(-976431)) prime?
True
Let f = 28 - -3. Let w(l) = -4*l + 44*l**2 + f*l**2 - 3 - 36*l**2. Is w(-2) composite?
True
Let y(d) be the third derivative of -d**5/60 + d**4/4 + d**3/3 + 25*d**2. Let m be y(3). Suppose 192 - m = r. Is r prime?
True
Let k = -69676 + 139583. Is k a composite number?
True
Let j(t) = 388*t + 59. Suppose 11*s = 13*s + n - 28, 2*s - 3*n = 36. Is j(s) a composite number?
False
Is (48310 - 4) + -1 - (1 - -3) a prime number?
False
Suppose -2*c = 3*x - 176755, 4*c - 259384 - 94127 = -5*x. Is c a composite number?
False
Let n(a) = -80*a**3 + 12*a**2 + 77*a + 478. Is n(-11) composite?
False
Let m(a) = -416*a + 5447. Is m(-55) a composite number?
True
Suppose -1385573 = -5*b + 3*d, b = 3*d + 372746 - 95617. Is b a composite number?
True
Let a(n) = 160*n**2 + 18*n - 509. Is a(-16) a prime number?
True
Let y(s) = -269*s**2 + 1509*s**2 + 19 + s - 469*s**2 + 940*s**2. Is y(3) a prime number?
False
Let w(m) = m**3 + 3*m**2 + 3*m + 4. Let u be w(-2). Suppose -h + 3*r = 0, -10 = -2*h - 2*h + u*r. Suppose -53 = 2*p - h*p. Is p a composite number?
False
Suppose 0 = -4*b + 28618 + 26406. Suppose 11*p = -b - 27307. Let f = -2540 - p. Is f a composite number?
False
Let m be (-1 - -1) + 1 + -1. Suppose m = -6*g - 4*g. Suppose g = -5*r + 3*r + 898. Is r a composite number?
False
Suppose -46698 = -372*w + 378*w. Let j be 2 - (4/(-2))/(-2). Is -2*j/(-9) - w/9 prime?
False
Let l = 41106 + -3275. Is l prime?
True
Let m(c) = 4*c**2 + 15*c + 72. Suppose 134 = 5*a + 14. Let b(i) = -2*i + 67. Let q be b(a). Is m(q) a composite number?
False
Let x = -4197 + 9820. Is x composite?
False
Suppose 10*x + 4*x - 2415970 = 5287068. Is x composite?
True
Let u(f) = 5718*f - 275. Is u(4) a composite number?
True
Let a(y) = 3936*y + 6739. Is a(57) a prime number?
False
Let p(y) = -y**3 + 15*y**2 - 13. Suppose -4 = -2*b + 3*r + 10, 0 = -4*b - 5*r + 28. Is p(b) prime?
True
Let g(t) = -9*t**3 + 6*t**2 - 11*t - 149. Is g(-9) composite?
False
Let y(c) = -c**3 + 7*c**2 + 4*c + 8. Let k be y(6). Let p = k + -51. Is p + 2 + 1 + -2 - 3 a composite number?
True
Suppose 2*c - 2*n = 3*c - 9698, 0 = -5*c - 4*n + 48520. Suppose -11*g = g - c. Let x = g + -360. Is x composite?
False
Is -6 - (-10 - (-4 - -694829)) a prime number?
True
Let z be (15*1)/(60/80). Suppose -4*i + z = 8. Suppose i*p = -2*p + 335. Is p a prime number?
True
Let k(n) = -167*n**3 + 5*n**2 + 19*n - 34. Is k(-13) a composite number?
True
Let m be 10/100*-5*(2 + -2). Suppose m = f - 1003 - 6766. Is f prime?
False
Suppose u - q - 6 = 2, -12 = 4*q. Suppose 34*n - 38*n = -3*f + 26757, 2*f - u*n - 17831 = 0. Is f a composite number?
False
Let t = 1 - -2. Let o be (-10)/(-2)*1 + -20*7/140. Suppose -o + 205 = t*x. Is x a composite number?
False
Let j = 1054 - 718. Is (-2 - 134556/(-14)) + (-48)/j composite?
True
Let d(y) = -7*y - 42. Let m be d(-7). Is (10 - m) + 5 + 5139 a prime number?
True
Let n = 197 + -1855. Let x = n + 4179. Is x a prime number?
True
Let l(p) = 4561*p + 689. Is l(20) a prime number?
True
Let t be 13/(130/30) - (-1 + -1270). Let o = -883 + t. Is o a prime number?
False
Suppose -5*b + 52206 = -2*h + 17205, 20967 = 3*b + 3*h. Is b prime?
True
Let x be (-153)/(-27) - (-1)/3. Let t = x + -4. Suppose -2*i - 1955 = -5*f, 4*f + t*i + 2*i = 1564. Is f prime?
False
Suppose 3*n - 3*j = 771900, -514605 = -144*n + 142*n + j. Is n composite?
True
Let y(l) = 5*l**3 - 9*l**2 - l + 18. Let x be y(10). Suppose d + 2*q = 792 + 235, -2*q + x = 4*d. Is d prime?
False
Suppose 11*q - 10*q = 6. Suppose 3*y - 10 = a + q*y, 0 = -4*y - 16. Suppose a*b - 7*b = -14095. Is b composite?
False
Let v = 95 + -93. Suppose 8 = -5*z + 5*i - i, -v = 2*z - i. Is 536 + (3*(z - -1) - 4) a prime number?
False
Let x be 195/(-117) + 353542/6. Suppose 15*h - 23323 = x. Is h a prime number?
True
Let g(s) = 85*s**3 - s**2 + 8*s - 1. Let w(x) = 2*x**3 + 2*x**2 - x + 1. Let f(u) = g(u) - 2*w(u). Is f(4) composite?
True
Let l = -36662 - -99519. Is l prime?
False
Let b = -179745 - -477650. Is b composite?
True
Let b = -122 - -1580. Let y = b + -823. Is y composite?
True
Let o(z) = -3*z - 31. Let w be o(-11). Suppose -2*x + 2*d + d + 3977 = 0, -9937 = -5*x + w*d. Is x composite?
False
Suppose 3*o + 9*o + 11*o = 231794. Is o prime?
False
Suppose -t = t + 10. Let v(a) = 4*a + 17. Let h be v(t). Let l(q) = 10*q**2 + 7*q + 2. Is l(h) a prime number?
True
Let m = -644 + 342. Is 3 + (-7 + 7 - m*5) a composite number?
True
Let l(y) = -44406*y**2 - 3. Let m(c) = 88815*c**2 + c + 6. Let j(h) = 7*l(h) + 4*m(h). Is j(-1) a composite number?
False
Let u(a) = 8912*a + 387. Is u(1) a prime number?
False
Let p(u) = 2 - 2 - 19*u + 31*u**2 + 2 - 7 + 4. Is p(18) composite?
True
Let i(a) = -36*a**2 - 3*a + 6. Let q be i(4). Suppose 58*p + 9544 = 50*p. Let k = q - p. Is k a prime number?
False
Let f(t) = t**3 - 4*t**2 - 3*t - 3. Let y be f(6). Let j = -25 + y. Is j prime?
False
Let h = -66 + 58. Suppose 0*o - 4*o + 128 = 0. Is (-2)/(h/2693) - 8/o a composite number?
False
Let a(n) = -11646*n - 683. Is a(-12) a prime number?
False
Let q(c) = -45*c - 71. Let z(s) = -s**3 + 17*s**2 - 20*s + 40. Let t be z(16). Is q(t) composite?
False
Suppose 43*o = 5*o + 266. Suppose 26455 = -o*b + 106038. Is b a composite number?
False
Let y(w) be the second derivative of -w**3/6 - 3*w**2 + 12*w. Let o be y(-10). Is o + (-1)/(3/(-2223)) composite?
True
Suppose 65*f = 63*f + 113392 - 38334. Is f a composite number?
False
Let p = -5 - -4. Let f be 0 - (p - -1 - -2). Is 39819/65 - f/5 a composite number?
False
Let z(n) be the second derivative of -29*n**3/3 - 179*n**2/2 + 71*n. Is z(-24) a composite number?
False
Let m(r) = -6*r**3 - 34*r**2 - 19*r - 80. Is m(-27) a composite number?
True
Let g be (-3)/(((-12)/(-57))/4) - -3. Let r be (-3)/9*g/(-9). Is (-2318)/(r*(-1)/2*-2) a composite number?
True
Let u = 30109 + -2513. Suppose -21*h - u = -25*h. Is h composite?
False
Let g = 4404 + -12647. Let z = -2076 - g. Is z a prime number?
False
Suppose -3*m + 46644 + 1334 = -25999. Is m a prime number?
True
Let u(x) = -x**3 - 10*x**2 - 20*x + 12. Let f be u(-5). Let a(r) = -289*r + 74. Is a(f) a prime number?
False
Let s be (-2